e units digit of 1353945?
5
What is the ten thousands digit of 21405?
2
What is the tens digit of 1611750?
5
What is the hundreds digit of 17063297?
2
What is the hundreds digit of 714202?
2
What is the ten thousands digit of 23409617?
0
What is the hundreds digit of 309326?
3
What is the thousands digit of 88048?
8
What is the units digit of 350479?
9
What is the units digit of 722094?
4
What is the hundreds digit of 1025835?
8
What is the hundreds digit of 486269?
2
What is the hundred thousands digit of 1900457?
9
What is the millions digit of 11913271?
1
What is the hundred thousands digit of 1724797?
7
What is the ten thousands digit of 50607?
5
What is the units digit of 345270?
0
What is the hundreds digit of 390530?
5
What is the ten thousands digit of 390514?
9
What is the thousands digit of 191621?
1
What is the hundreds digit of 288861?
8
What is the units digit of 4967990?
0
What is the ten thousands digit of 32006614?
0
What is the tens digit of 82668?
6
What is the tens digit of 152991?
9
What is the hundred thousands digit of 5674471?
6
What is the hundreds digit of 5234605?
6
What is the tens digit of 7134258?
5
What is the hundreds digit of 702696?
6
What is the hundreds digit of 7698?
6
What is the tens digit of 29907649?
4
What is the tens digit of 81840?
4
What is the hundred thousands digit of 271390?
2
What is the thousands digit of 1348349?
8
What is the tens digit of 898412?
1
What is the tens digit of 330886?
8
What is the units digit of 466032?
2
What is the ten thousands digit of 285348?
8
What is the ten millions digit of 11085563?
1
What is the thousands digit of 9067275?
7
What is the units digit of 213256?
6
What is the thousands digit of 341105?
1
What is the tens digit of 284642?
4
What is the hundreds digit of 13032236?
2
What is the millions digit of 8108823?
8
What is the thousands digit of 7180903?
0
What is the units digit of 894683?
3
What is the units digit of 87667?
7
What is the thousands digit of 662736?
2
What is the hundred thousands digit of 10841310?
8
What is the tens digit of 10592089?
8
What is the hundred thousands digit of 721927?
7
What is the hundreds digit of 279057?
0
What is the thousands digit of 8152541?
2
What is the units digit of 146198?
8
What is the tens digit of 6292512?
1
What is the units digit of 4715936?
6
What is the thousands digit of 390545?
0
What is the ten thousands digit of 2022719?
2
What is the thousands digit of 3018249?
8
What is the tens digit of 141949?
4
What is the units digit of 4857810?
0
What is the thousands digit of 247330?
7
What is the ten thousands digit of 114137?
1
What is the millions digit of 4748352?
4
What is the units digit of 174625?
5
What is the thousands digit of 1602617?
2
What is the hundred thousands digit of 4869964?
8
What is the ten thousands digit of 2361275?
6
What is the thousands digit of 349081?
9
What is the ten thousands digit of 943717?
4
What is the ten thousands digit of 694958?
9
What is the hundreds digit of 8677068?
0
What is the tens digit of 5943287?
8
What is the tens digit of 11811609?
0
What is the tens digit of 762119?
1
What is the hundred thousands digit of 4812265?
8
What is the ten thousands digit of 16681?
1
What is the units digit of 2466124?
4
What is the thousands digit of 999098?
9
What is the ten thousands digit of 1185843?
8
What is the hundred thousands digit of 6108991?
1
What is the units digit of 1327817?
7
What is the units digit of 18224472?
2
What is the hundred thousands digit of 191782?
1
What is the thousands digit of 8390129?
0
What is the hundreds digit of 31875619?
6
What is the millions digit of 5822137?
5
What is the thousands digit of 3215972?
5
What is the tens digit of 1620915?
1
What is the ten thousands digit of 705649?
0
What is the hundred thousands digit of 568110?
5
What is the hundred thousands digit of 4537715?
5
What is the tens digit of 2301066?
6
What is the thousands digit of 515525?
5
What is the ten thousands digit of 786989?
8
What is the hundred thousands digit of 227274?
2
What is the ten thousands digit of 964600?
6
What is the millions digit of 1654845?
1
What is the ten thousands digit of 3600516?
0
What is the millions digit of 11497963?
1
What is the ten millions digit of 13517580?
1
What is the units digit of 1489726?
6
What is the thousands digit of 447836?
7
What is the units digit of 343109?
9
What is the tens digit of 7127000?
0
What is the millions digit of 6380026?
6
What is the ten thousands digit of 681227?
8
What is the hundred thousands digit of 1161547?
1
What is the hundreds digit of 8067237?
2
What is the thousands digit of 134026?
4
What is the tens digit of 542818?
1
What is the hundreds digit of 4016399?
3
What is the hundreds digit of 1533422?
4
What is the ten thousands digit of 5782833?
8
What is the ten thousands digit of 213804?
1
What is the hundreds digit of 5202669?
6
What is the tens digit of 213832?
3
What is the units digit of 9262937?
7
What is the millions digit of 2610034?
2
What is the hundred thousands digit of 2413605?
4
What is the hundreds digit of 196868?
8
What is the thousands digit of 51768?
1
What is the tens digit of 551918?
1
What is the hundred thousands digit of 1041175?
0
What is the hundred thousands digit of 11801142?
8
What is the ten thousands digit of 10424828?
2
What is the hundreds digit of 813389?
3
What is the hundred thousands digit of 2926908?
9
What is the ten thousands digit of 65177?
6
What is the millions digit of 11060664?
1
What is the tens digit of 22503?
0
What is the tens digit of 519775?
7
What is the thousands digit of 5796743?
6
What is the hundred thousands digit of 6936472?
9
What is the tens digit of 13419?
1
What is the tens digit of 197179?
7
What is the units digit of 7474991?
1
What is the units digit of 14430933?
3
What is the tens digit of 529658?
5
What is the ten thousands digit of 2270995?
7
What is the hundreds digit of 25329650?
6
What is the tens digit of 312897?
9
What is the ten millions digit of 13127495?
1
What is the units digit of 1776170?
0
What is the hundreds digit of 14773699?
6
What is the ten millions digit of 39339952?
3
What is the ten thousands digit of 13927207?
2
What is the units digit of 1107811?
1
What is the hundreds digit of 1934759?
7
What is the tens digit of 7597429?
2
What is the hundred thousands digit of 24330464?
3
What is the hundred thousands digit of 286290?
2
What is the tens digit of 22261389?
8
What is the tens digit of 1665134?
3
What is the hundreds digit of 490997?
9
What is the hundreds digit of 6826759?
7
What is the ten thousands digit of 752790?
5
What is the hundreds digit of 451650?
6
What is the ten thousands digit of 5824433?
2
What is the units digit of 109345?
5
What is the millions digit of 1301686?
1
What is the hundred thousands digit of 443829?
4
What is the hundreds digit of 3656317?
3
What is the millions digit of 1005858?
1
What is the ten thousands digit of 163583?
6
What is the hundreds digit of 8235934?
9
What is the hundreds digit of 495931?
9
What is the ten thousands digit of 3507198?
0
What is the tens digit of 594126?
2
What is the thousands digit of 644575?
4
What is the ten millions digit of 10934838?
1
What is the units digit of 2886696?
6
What is the tens digit of 1127048?
4
What is the hundreds digit of 226417?
4
What is the thousands digit of 9698929?
8
What is the thousands digit of 785577?
5
What is the hundreds digit of 373901?
9
What is the thousands digit of 281435?
1
What is the thousands digit of 6428684?
8
What is the hundred thousands digit of 6887559?
8
What is the hundred thousands digit of 17868664?
8
What is the hundreds digit of 549324?
3
What is the tens digit of 285669?
6
What is the hundreds digit of 98315?
3
What is the hundreds digit of 1049368?
3
What is the ten thousands digit of 769949?
6
What is the hundreds digit of 19313992?
9
What is the ten thousands digit of 902200?
0
What is the ten millions digit of 10927293?
1
What is the ten thousands digit of 1857094?
5
What is the tens digit of 42160?
6
What is the ten thousands digit of 181629?
8
What is the units digit of 5294143?
3
What is the tens digit of 611290?
9
What is the ten thousands digit of 1709664?
0
What is the hundreds digit of 2